 - 2 = 2*l. Let r(h) = 10*h**2 + 2*h - 1. Let m be r(1). Suppose d = -0*d + m. What is the remainder when d is divided by l?
5
Suppose -2*q + 3*z = -30, -4*q = -2*z - 11 - 41. Suppose -2*p - 6*p - 16 = -40. Calculate the remainder when q is divided by p.
0
Suppose 4*r = 3*a + 8, a + 5*r - 9 = 4*r. Suppose 0 = -2*s - p - 2*p + 6, 4*s - 2*p = -a. What is the remainder when 2 + s - 8*-4 is divided by 12?
10
Calculate the remainder when ((-2)/3)/(4/(-516)) is divided by (-15)/10*(-792)/54.
20
Let z = 1982 - 1972. Calculate the remainder when 47 is divided by z.
7
Suppose 0 = -8*k + 4*k. Suppose k = 4*t - 4*w - 8 - 24, 3*w = -9. Calculate the remainder when 26 is divided by t.
1
Let q(u) be the third derivative of 0 - 6*u**2 + 7/24*u**4 + 0*u + 7/3*u**3. Calculate the remainder when q(12) is divided by 25.
23
Suppose 4*k = 2*k + 114. Let n = -72 + 124. Suppose 45 = -n*d + 55*d. What is the remainder when k is divided by d?
12
Let h(i) = 202*i**2 - 29*i - 61. What is the remainder when h(-2) is divided by 54?
49
Suppose 8*r + 406 = 37*r. What is the remainder when 33 is divided by r?
5
Suppose 4184 = 7*m - 1815. What is the remainder when m is divided by 5?
2
What is the remainder when 22 is divided by 3/(-21) + (-268)/(-14)?
3
Suppose -422 = -4*o - 2*a, o - 196 = -o - 4*a. What is the remainder when o is divided by 23?
16
Suppose g = -4*g. Suppose -3*f - 32 + 125 = g. Calculate the remainder when f is divided by 63/7 - (-6 - -2) - -3.
15
Let i = -99 - -116. Let d(v) = -19*v + 2. What is the remainder when d(-6) is divided by i?
14
Suppose 8*f - 6*f - 54 = 0. Let x be 5/((15/f)/5). Suppose 3*h = 2*l + x, 0 = -l + 2*l + 3. Calculate the remainder when 51 is divided by h.
12
What is the remainder when (-18)/42 - (-16288)/112 is divided by 42?
19
Suppose -45 = -2*m + 55. Let j be (-17)/(-15) + (-20)/150. Suppose 3*l + 23 - j = 2*o, -5*o + 5*l + m = 0. Calculate the remainder when 31 is divided by o.
7
Suppose 30*n + 644 = 31*n - 2*z, n + 3*z = 624. Calculate the remainder when n is divided by 49.
48
Let r(b) = -b**3 - 4*b**2 + 2*b + 4. Let p be r(-4). Let l(u) = 3*u - 5. Let g be l(-8). Calculate the remainder when 19 is divided by g/p - 1/4.
5
Let i = -30 - -35. Suppose 0 = -2*g - 5*t - 9, 0 = -6*g + 3*g - i*t - 1. Calculate the remainder when 31 is divided by g.
7
Let k(o) = -6*o - 22. Let i(z) = -3*z - 11. Let b(r) = 7*i(r) - 4*k(r). Calculate the remainder when b(3) is divided by 12.
8
Suppose u = -5*r + 154 + 11, 4*u = -5*r + 180. Suppose -260 = -5*o - l - 4*l, o - 3*l = r. What is the remainder when o is divided by 12?
11
Let r(s) = s - 2. Let j be r(4). Let b be 506/(-4) + (-1)/(-2). What is the remainder when (b/4)/(j/(-4)) is divided by 16?
15
Suppose -2*p = 19 - 147. Let l = -50 + p. What is the remainder when 25 is divided by l?
11
Let x(d) = -3*d + 41. Let n be x(14). What is the remainder when 78 is divided by 24 - -14 - 2*n?
38
Let h(g) = 25*g + 5. Calculate the remainder when h(4) is divided by 8/14 - 5735/(-217).
24
Let i = 12 - 8. Suppose 31 = -i*t - 41. Calculate the remainder when 32 is divided by 0 - (t + 2 + -1).
15
Suppose -3*x + 15 = 0, -3*d = -2*x + 4*x - 16. Suppose -s + 113 = 2*a + 32, d*s + 104 = 3*a. Calculate the remainder when a is divided by 6.
2
Suppose -3*z = -2*z - 10. Let n(d) = 109*d - 21. Calculate the remainder when n(1) is divided by 20*(-1 - z/(-4)).
28
Let l = -57 + 94. Let z = -11 + l. Calculate the remainder when 51 is divided by z.
25
Suppose -6*w + 3*w = -9. Suppose 4 + 5 = -3*q - h, -5*q = -h + 15. Calculate the remainder when w is divided by 1/(1/(-9)*q).
0
Let o(d) = -2*d + 76. Calculate the remainder when 69 is divided by o(29).
15
Suppose -66*p + 75*p = 981. Calculate the remainder when 223 is divided by p.
5
Let p(b) = 11*b + 2. Let w be p(-4). Let x = -29 - w. Let r = 91 - x. What is the remainder when r is divided by 16?
14
Suppose 0 = m + 3*o - 37, -4*m + o = 3*o - 148. Calculate the remainder when -2*(-1)/2*183 is divided by m.
35
Suppose 0 = -c - 3*k, -c + 5*c + 4*k + 16 = 0. What is the remainder when 68/(-2 - (c + 2)) is divided by 7?
6
Let n = 322 + -214. Suppose 47 = 5*p - n. Suppose -24*d + 27*d = 33. What is the remainder when p is divided by d?
9
Let l(k) = 2*k + 110. Calculate the remainder when l(-17) is divided by 25.
1
Suppose 0 = -5*x + 2*g + 230, -x - 7 = 4*g - 53. Calculate the remainder when 87 is divided by x.
41
Suppose 358 = -24*x + 2086. Calculate the remainder when x is divided by 8.
0
Let p = 60 + -56. Calculate the remainder when 27 is divided by p.
3
Let l(f) be the third derivative of -1/12*f**4 + 0*f + 0 - 1/6*f**3 + 2*f**2. What is the remainder when l(-2) is divided by 1?
0
Suppose 3*t + 82 = -4*s, -2*t - 3*s - 73 = -4*s. Let h = -25 - t. Calculate the remainder when 34 is divided by h.
7
Let c = 39 - 36. Let k(f) = -f + 18. What is the remainder when k(3) is divided by c?
0
Suppose 194 = 4*x - 2*o, -11*o = -4*x - 13*o + 190. Calculate the remainder when 286 is divided by x.
46
Suppose -3 = -a - 2*t + 31, t + 225 = 5*a. What is the remainder when a is divided by 13?
5
Let p(o) = -o**3 + 15*o**2 + 19*o + 35. Let n = -90 - -106. Calculate the remainder when p(n) is divided by 18.
11
Let i = -5 - -15. Suppose i*v - 40 = 5*v. What is the remainder when 29 is divided by v?
5
Let o(v) = 3*v**2 - 19*v + 54. Let r(u) = -53*u - 6. Let i be r(-4). Calculate the remainder when -1*(-1)/2*i is divided by o(4).
25
Suppose 3*y - 12 = 0, 3*r + 64 = 2*r + 4*y. Let w = r + 65. What is the remainder when 45 is divided by w?
11
Suppose 0 = -3*g, -5*n = 3*g - 26 - 29. Let w be (-4 - -7) + -5 + 108. Suppose 0 = -5*x - 1 + w. Calculate the remainder when x is divided by n.
10
Let z be 12/48 + (-13)/4. What is the remainder when (-304)/z + (-6)/(-9) is divided by 21?
18
Let h(x) = 47*x**2 + x. Let j be h(2). Suppose -4*g + 6*z = z - 181, j = 5*g + z. Let v = 36 - 26. What is the remainder when g is divided by v?
9
Suppose 1387 = 4*h - 2*w + 7*w, 3*h = -4*w + 1040. Calculate the remainder when h is divided by 32.
28
Let i(u) = u**3 - u**2 + u + 4. Let d be i(0). Suppose 2*x - 379 = 5*q, -4*x - d*q + 115 = -573. Calculate the remainder when x is divided by 45.
42
Calculate the remainder when (7 - 8)*1 + 252 is divided by 21.
20
Suppose -5*l - 4*o + 347 = 0, 5*o + 99 = 4*l - 195. What is the remainder when l is divided by 104/6 - (-52)/78?
17
Let i = 59 + -110. Suppose 2*l + 5*v = -140 - 29, 201 = -3*l + 3*v. Let m = i - l. Calculate the remainder when 62 is divided by m.
20
Let q = 2239 - 2237. Calculate the remainder when 14 is divided by q.
0
Let s(d) = 3*d**2 + 19*d - 2. What is the remainder when s(-11) is divided by 47?
11
Let l be (144/(-27))/((-2)/33). Let i = -10 + l. Calculate the remainder when i is divided by 20.
18
Suppose -2*q = -5 - 25. Calculate the remainder when q is divided by 40/10 - (1 - 1).
3
Let m = 154 - 151. Suppose 6*a - 3*a + 87 = m*h, -5*h - 4*a = -127. Calculate the remainder when h is divided by 4.
3
Let k be 12/(-4) - (3 + (29 - -1)). Let w = -10 - k. Calculate the remainder when w is divided by 19.
7
Calculate the remainder when (-38*(-80)/30)/((-2)/(-3)) is divided by 54.
44
Suppose -3*c + 16 = -7*c, c = -q + 47. Calculate the remainder when 149 is divided by q.
47
Let d = 475 + -335. Calculate the remainder when d is divided by 13.
10
Suppose 0 = -4*s - b + 2236 + 60, -5*b = 2*s - 1166. Calculate the remainder when s is divided by 64.
61
What is the remainder when 262 - ((-159)/(-106) - (-14)/(-4)) is divided by 42?
12
Let c = 3015 - 2214. What is the remainder when c is divided by 12?
9
Calculate the remainder when (42/33)/((-2)/(-77)) is divided by 25.
24
Let v(w) = 25*w + 137. What is the remainder when 202 is divided by v(-5)?
10
Let t = -1066 - -1175. What is the remainder when t is divided by 26?
5
Let o = -1 - -4. Suppose -o*i - 305 = -5*g, g - 3*g - 4*i + 148 = 0. Suppose -6*r = -4*r - g. Calculate the remainder when 63 is divided by r.
31
Let m(r) = 5*r - 2. Let i = 9 - 11. Let n be m(i). Let x = 2 - n. Calculate the remainder when x is divided by 5.
4
Calculate the remainder when (-4)/(-14) + (-1458)/(-42) is divided by 29.
6
Let i(z) = -11*z + 110. Let t be (0/(-1) + 5)/1. Suppose 4*g = l - 30, 3*l + 3*g - 120 = t*g. Calculate the remainder when l 